y 28.
17
What is the remainder when 986 is divided by 191?
31
What is the remainder when 442 is divided by 221?
0
Calculate the remainder when 30589 is divided by 10059.
412
Calculate the remainder when 1960 is divided by 1610.
350
Calculate the remainder when 521 is divided by 265.
256
Calculate the remainder when 15968 is divided by 3184.
48
Calculate the remainder when 1691 is divided by 36.
35
What is the remainder when 5593 is divided by 40?
33
Calculate the remainder when 19276 is divided by 6382.
130
Calculate the remainder when 219 is divided by 173.
46
Calculate the remainder when 356712 is divided by 196.
188
What is the remainder when 386184 is divided by 1058?
14
What is the remainder when 26723 is divided by 240?
83
Calculate the remainder when 150125 is divided by 11.
8
What is the remainder when 15212 is divided by 5046?
74
What is the remainder when 8528 is divided by 768?
80
What is the remainder when 543 is divided by 35?
18
What is the remainder when 23649 is divided by 4728?
9
What is the remainder when 278555 is divided by 334?
333
Calculate the remainder when 1438 is divided by 368.
334
Calculate the remainder when 258552 is divided by 52.
8
Calculate the remainder when 968268 is divided by 503.
496
What is the remainder when 21733 is divided by 302?
291
What is the remainder when 44274 is divided by 60?
54
Calculate the remainder when 114622 is divided by 193.
173
Calculate the remainder when 599134 is divided by 96.
94
Calculate the remainder when 5804 is divided by 2832.
140
Calculate the remainder when 104101 is divided by 43.
41
What is the remainder when 57252 is divided by 1169?
1140
Calculate the remainder when 8711 is divided by 62.
31
What is the remainder when 19414 is divided by 8?
6
Calculate the remainder when 73788 is divided by 81.
78
Calculate the remainder when 95152 is divided by 305.
297
Calculate the remainder when 16842 is divided by 8395.
52
Calculate the remainder when 14027 is divided by 1313.
897
Calculate the remainder when 6306 is divided by 487.
462
What is the remainder when 1079 is divided by 953?
126
Calculate the remainder when 1605 is divided by 281.
200
Calculate the remainder when 72782 is divided by 5196.
38
What is the remainder when 5870 is divided by 23?
5
Calculate the remainder when 147979 is divided by 47.
23
What is the remainder when 25828 is divided by 165?
88
What is the remainder when 33478 is divided by 429?
16
Calculate the remainder when 482918 is divided by 10.
8
What is the remainder when 291498 is divided by 329?
4
What is the remainder when 470494 is divided by 48?
46
Calculate the remainder when 2040 is divided by 508.
8
Calculate the remainder when 27164 is divided by 28.
4
Calculate the remainder when 8024 is divided by 331.
80
What is the remainder when 1102 is divided by 537?
28
What is the remainder when 1005 is divided by 115?
85
What is the remainder when 60034 is divided by 30013?
8
What is the remainder when 1196019 is divided by 185?
179
Calculate the remainder when 19776 is divided by 706.
8
Calculate the remainder when 1837 is divided by 269.
223
Calculate the remainder when 24538 is divided by 419.
236
What is the remainder when 34575 is divided by 28?
23
What is the remainder when 7825 is divided by 412?
409
What is the remainder when 17042 is divided by 19?
18
Calculate the remainder when 108203 is divided by 4703.
34
What is the remainder when 151780 is divided by 15177?
10
Calculate the remainder when 100461 is divided by 483.
480
Calculate the remainder when 1236 is divided by 114.
96
Calculate the remainder when 374253 is divided by 113.
110
What is the remainder when 721339 is divided by 25?
14
Calculate the remainder when 2480 is divided by 2477.
3
What is the remainder when 25544 is divided by 76?
8
Calculate the remainder when 3762 is divided by 73.
39
Calculate the remainder when 9639 is divided by 9638.
1
Calculate the remainder when 4705 is divided by 76.
69
Calculate the remainder when 4132 is divided by 1641.
850
What is the remainder when 344536 is divided by 263?
6
What is the remainder when 95822 is divided by 198?
188
What is the remainder when 2289294 is divided by 254365?
9
What is the remainder when 771148 is divided by 485?
483
What is the remainder when 253482 is divided by 1179?
1176
What is the remainder when 20807 is divided by 120?
47
Calculate the remainder when 25353 is divided by 44.
9
What is the remainder when 19706 is divided by 318?
308
Calculate the remainder when 2818 is divided by 899.
121
What is the remainder when 68743 is divided by 6?
1
Calculate the remainder when 3058 is divided by 3058.
0
Calculate the remainder when 4603 is divided by 907.
68
What is the remainder when 161180 is divided by 368?
364
What is the remainder when 30597 is divided by 214?
209
What is the remainder when 720 is divided by 211?
87
Calculate the remainder when 90149 is divided by 95.
89
What is the remainder when 65380 is divided by 151?
148
Calculate the remainder when 3694339 is divided by 118.
113
Calculate the remainder when 5945 is divided by 2972.
1
What is the remainder when 6806 is divided by 6783?
23
Calculate the remainder when 29167 is divided by 9.
7
What is the remainder when 109159 is divided by 9?
7
What is the remainder when 17169 is divided by 200?
169
Calculate the remainder when 5631 is divided by 315.
276
What is the remainder when 152360 is divided by 11719?
13
What is the remainder when 13352 is divided by 3280?
232
Calculate the remainder when 39615 is divided by 71.
68
Calculate the remainder when 293 is divided by 145.
3
Calculate the remainder when 3485 is divided by 3478.
7
What is the remainder when 5995 is divided by 77?
66
Calculate the remainder when 43779 is divided by 183.
42
Calculate the remainder when 2109 is divided by 971.
167
Calculate the remainder when 651 is divided by 109.
106
What is the remainder when 1744 is divided by 97?
95
What is the remainder when 6267 is divided by 49?
44
Calculate the remainder when 104036 is divided by 7999.
49
What is the remainder when 189 is divided by 164?
25
What is the remainder when 342018 is divided by 27?
9
What is the remainder when 6705 is divided by 340?
245
What is the remainder when 7204 is divided by 2380?
64
Calculate the remainder when 52426 is divided by 120.
106
Calculate the remainder when 5173 is divided by 283.
79
What is the remainder when 70464 is divided by 198?
174
What is the remainder when 8133 is divided by 1648?
1541
What is the remainder when 11962 is divided by 11957?
5
Calculate the remainder when 57585 is divided by 72.
57
Calculate the remainder when 277691 is divided by 146.
145
What is the remainder when 31292 is divided by 1080?
1052
What is the remainder when 433709 is divided by 915?
914
Calculate the remainder when 5158290 is divided by 142.
140
Calculate the remainder when 476930 is divided by 34.
12
What is the remainder when 16571 is divided by 8237?
97
What is the remainder when 122460 is divided by 2783?
8
Calculate the remainder when 208338 is divided by 20.
18
What is the remainder when 206842 is divided by 9?
4
Calculate the remainder when 27706 is divided by 115.
106
Calculate the remainder when 6422 is divided by 3189.
44
What is the remainder when 2944 is divided by 676?
240
Calculate the remainder when 16383 is divided by 149.
142
What is the remainder when 1122 is divided by 543?
36
What is the remainder when 183 is divided by 103?
80
What is the remainder when 5476 is divided by 2114?
1248
Calculate the remainder when 625 is divided by 40.
25
What is the remainder when 126226 is divided by 314?
312
What is the remainder when 16270 is divided by 5415?
25
Calculate the remainder when 1637989 is divided by 23.
21
Calculate the remainder when 77797 is divided by 3536.
5
Calculate the remainder when 20218 is divided by 348.
34
Calculate the remainder when 17807 is divided by 8900.
7
What is the remainder when 208415 is divided by 1?
0
What is the remainder when 1911 is divided by 76?
11
What is the remainder when 65268 is divided by 66?
60
What is the remainder when 85277 is divided by 80?
77
Calculate the remainder when 10756 is divided by 133.
116
What is the remainder when 291719 is divided by 114?
107
What i